 p?
True
Suppose 5*r = -2*d - 12, -2*r + 0*d - 3*d = 7. Does 16 divide 88/(-11)*(r + 0)?
True
Let b(i) = 6*i - 3. Does 18 divide b(19)?
False
Let c(f) be the first derivative of 1/3*f**3 - 2 + 3/2*f**2 + 5*f. Is 7 a factor of c(-6)?
False
Let m(q) = -3*q - 15. Let y be m(-10). Does 2 divide 1/(1 + 2)*y?
False
Let c = -49 + 106. Is 21 a factor of c?
False
Let s be 18/8 + 1/(-4). Suppose 5 = -s*t - 3*j, t - j + 7 = 6*t. Suppose -4*z + 32 = 6*l - 2*l, -t*l + z = -16. Does 4 divide l?
True
Let i be (-2)/6 - (-25)/(-15). Let j = i + 3. Suppose u = n - u, -j = -2*n + 3*u. Is 2 a factor of n?
True
Let r = 1 + 43. Is 11 a factor of r?
True
Let l(o) = -o**2 + 8*o - 10. Let w be l(7). Let d = 4 + 2. Is 8 a factor of (w/d)/(1/(-16))?
True
Suppose -2 = 3*s - 4*s. Suppose -2*y - s*y - 20 = 0, 0 = -5*o - 2*y + 70. Is 6 a factor of o?
False
Let p = -124 - -222. Is p a multiple of 26?
False
Suppose -4*r - 3*s - 2*s = -108, 3*r = 2*s + 81. Suppose -3*u = -6*u + r. Does 9 divide u?
True
Let v = -130 + 241. Suppose -3*n = -3*o + v, -2*o = o - 5*n - 105. Is o a multiple of 20?
True
Does 8 divide (4 + -2)/(2/52)?
False
Suppose -3*i - 1 - 5 = 0. Let t be (4/(-10))/(i/10). Suppose y + 3*k = 19, 21 = 3*y - t*y + 5*k. Is y a multiple of 8?
True
Let z(i) = -4 - 13 - 3*i + 5 + 7*i. Is z(12) a multiple of 18?
True
Let l = 35 + -5. Let h = l - -7. Let k = -20 + h. Does 8 divide k?
False
Let j = 31 - -49. Does 10 divide j?
True
Suppose -6*a + 5 = -601. Is 28 a factor of a?
False
Let k(n) = -4*n**2 + 11 + n**2 + 12*n**2 - 11*n. Let w(h) = -5*h**2 + 5*h - 6. Let v(j) = 3*k(j) + 5*w(j). Is v(6) a multiple of 19?
False
Suppose -8 = 4*q - 240. Does 7 divide q?
False
Let g(a) = -a - 1. Suppose -4*m = -2*k + 50, 4*k + 24 = -3*m + k. Does 10 divide g(m)?
True
Suppose -4 = -4*j - 0. Let y be (j + -52)/(3/(-4)). Suppose 4*r - y = -r - 4*b, 58 = 5*r - b. Does 12 divide r?
True
Let o(v) = 4*v**2 + v. Let f(u) = 3*u + 5. Let l be f(-2). Is o(l) even?
False
Let f(m) = 3*m**2 - m. Let d(j) = -2*j - 7. Let k be d(-5). Is 12 a factor of f(k)?
True
Let i(x) = -x**3 - 11*x**2 - 11*x - 3. Let w be i(-10). Let p be 2/w + (-52)/(-14). Suppose u = p*u - 24. Is u a multiple of 8?
True
Let a be ((-1)/3*0)/(-1). Is (3 - 2)*7 + a a multiple of 7?
True
Let s(d) = 5*d**3 + d**2 - d + 1. Let x be s(1). Suppose 45 = -x*a + a. Is ((-6)/a)/((-3)/(-99)) a multiple of 22?
True
Let q be (2/(-5))/((-1)/5). Suppose z + q = 0, -3*r + z + 5 = -0*r. Does 3 divide r/1*14/2?
False
Let v(k) = -2*k**2 + 19*k - 9. Let z(r) = r**2 - 9*r + 4. Let w(j) = 4*v(j) + 9*z(j). Does 9 divide w(8)?
False
Let p(c) = 14*c**3 + c**2 - c + 2. Let n be p(-2). Is n/(-3 - 1) - 2 a multiple of 10?
False
Suppose -4*t = -g + 64, -3*t = 6 - 3. Suppose -u - 2*u + g = 0. Is 10 a factor of u?
True
Let z be 6/5*(8 - 3). Let c(x) = -4*x**3 - 15*x**2 + 10*x + 2. Let n(h) = -5*h**3 - 16*h**2 + 10*h + 3. Let o(b) = z*c(b) - 5*n(b). Is 5 a factor of o(9)?
False
Let r(b) = 9*b**3 + b**2 + b. Let c be r(-1). Does 16 divide (-1 - c)/(-4)*-8?
True
Suppose -5*y - 18 - 17 = 0. Let d(s) = -s**3 - 6*s**2 + 6*s - 2. Let l be d(y). Suppose 26 = l*j - 29. Is 11 a factor of j?
True
Let q be (-20)/(-3)*(1 + 5). Suppose -o + q = 4*c, c - 146 = -5*o - c. Is 13 a factor of o?
False
Let y be -2 - ((-2 - -2) + -5). Does 12 divide 33 + (-6)/(1 - y)?
True
Let c(t) be the second derivative of t**5/20 + t**4/6 - t**2/2 - 3*t. Does 6 divide c(2)?
False
Let z be (-6)/4*(4 - 6). Suppose z*p - 6 = 3. Is 3 a factor of p?
True
Let m(g) = 7*g + 4. Does 8 divide m(6)?
False
Let d = 3 - -2. Suppose -d*h + 3*h + 4 = 0. Suppose 2*y - 30 = -2*k, 0 = h*y + 9 + 1. Is 10 a factor of k?
True
Let d(x) = -x**2 - 11*x - 6. Let o = -7 + 2. Let c be d(o). Suppose -3*p = -2*l - 80, -c = -5*p + 2*l + 108. Does 25 divide p?
False
Let p(i) = -i**3 - 5*i**2 - 5*i + 3. Let g be p(-4). Let y = -5 + g. Is 2 a factor of y?
True
Suppose -5*u = 2*h - 400, 2*h + 65 - 457 = -3*u. Does 10 divide h?
True
Suppose 4*v = 202 + 410. Does 17 divide v?
True
Let p = -3 + 3. Suppose 5*b = 3*o - 59, 2*o - 5*b + p*b - 46 = 0. Let x = -8 + o. Is x even?
False
Let a be (-26)/(-8) - 1/4. Suppose u + 5*h + 13 = 0, 4*u + 3 = -3*h - 15. Is ((-8)/u)/(2/a) even?
True
Suppose 4*s - 312 = -0*s. Does 13 divide s?
True
Suppose 0*d + 508 = 5*h - d, -3*h = 4*d - 291. Is 16 a factor of h?
False
Let w = -2 + -15. Let r = 57 + w. Suppose 2*u + 2*u - r = 0. Is 10 a factor of u?
True
Let m(y) = -86*y - 6. Is m(-1) a multiple of 10?
True
Suppose -2*a - 1 = -13. Suppose -a = -3*x - 0*x. Suppose 5*l + x = 22. Is 3 a factor of l?
False
Suppose 87 = l + 2*l. Let f = l - 9. Is 14 a factor of f?
False
Suppose 5*b - 68 = 77. Is b a multiple of 15?
False
Let m = 20 - 9. Let q(c) = 2*c**2 - 16*c - 2. Is 18 a factor of q(m)?
False
Let f(z) = 16*z + 4. Let n be f(11). Suppose 129 = -a + 4*a - w, 4*w = 4*a - n. Is 22 a factor of a?
False
Let a be (0 - (6 - 0))/(-1). Suppose -4*u = 4*c - 76, 91 = 4*u + c + a. Suppose -4*m + 5*m = u. Is m a multiple of 13?
False
Suppose 11*w - 7*w = 80. Is 10 a factor of w?
True
Let c be -1 + 0 + (-8 - -10). Is 6 + -3 + 51/c a multiple of 18?
True
Let z = -51 + 471. Does 30 divide z?
True
Let h = 77 - 12. Is 13 a factor of h?
True
Let s be ((-6)/(-4))/(15/560). Suppose s = 8*q - q. Is q a multiple of 8?
True
Let b(o) = -o**3 - 6*o**2 - 9. Let q be b(-7). Suppose -2*l - q = -3*z + z, 0 = z + l - 16. Is z a multiple of 9?
True
Let v be (0 + -1 - 0) + 56. Is 26 a factor of v - 3*(-2 - -3)?
True
Is -30*((-8)/28)/(6/14) a multiple of 5?
True
Suppose 145*w - 140*w = 800. Is 13 a factor of w?
False
Let q = -52 - -26. Let g = -11 - q. Does 8 divide g?
False
Does 8 divide (32/6)/((-2)/(-3))?
True
Let v(t) = -2*t**2 + 2*t - 1. Let o(m) = -3*m**2 + 3*m - 3. Let x(k) = 3*o(k) - 5*v(k). Let f(l) = -l**2 - 5*l - 5. Let u be f(-5). Is 13 a factor of x(u)?
True
Let d = 1 + 1. Does 14 divide (-87)/(-2) + 1/d?
False
Suppose -y + 2*t - 6 = y, 25 = 5*t. Let f be 18 + -2 + y + 2. Suppose s + s - 310 = -5*l, 4*s = -f. Is l a multiple of 24?
False
Let f be -1*1 + (6 - -19). Let y = 36 - f. Is y a multiple of 11?
False
Let h = 5 - 1. Suppose 0 = -2*v + 2, h*u = 5*v - 4*v + 211. Is u a multiple of 24?
False
Suppose -z + 15 = 5*t - 2*z, 0 = 3*t - 5*z - 31. Suppose 1 = -a, a - t*a + 75 = 4*u. Does 4 divide u?
False
Let h = 78 - 109. Let g = -19 - h. Does 6 divide g?
True
Suppose 0 = -7*z + 3*z + 92. Is z a multiple of 23?
True
Let m be 28 + (-6 - (-4 + 1)). Let u = m - -48. Suppose -2*a - 3*a - w + u = 0, -4*a - 5*w + 71 = 0. Is a a multiple of 8?
False
Let s = 12 - 9. Is s a multiple of 2?
False
Suppose -8*v + 11 = -7*v. Suppose -x - 3*c = 10, -5*x + v + 9 = c. Suppose -4*t + 11 = -d, 0 = -d + 3*d - x*t + 10. Is d a multiple of 4?
False
Suppose 2*g - 16 = 20. Suppose 5*r - g = 12. Is r a multiple of 5?
False
Suppose 0 = 5*b + 2*y - 305, b + 4*y - 68 = -25. Is 17 a factor of b?
False
Let s(k) = 10*k. Is s(3) a multiple of 6?
True
Let b(w) = 4*w**2 + w. Let n be b(1). Suppose 3*p - 2*p = n. Is p a multiple of 5?
True
Suppose 922 = -4*n + 3*z - 132, 0 = -4*n + 2*z - 1052. Let v = n - -93. Is (-3)/(-4) - v/4 a multiple of 12?
False
Let j = 37 + -15. Does 2 divide j?
True
Suppose -2*k = 3*k - 70. Is 7 a factor of k?
True
Is (-21)/2*(0 + -2) a multiple of 11?
False
Let x = -5 - -11. Suppose 3*p = x*p - 99. Does 9 divide p?
False
Let g(f) = -f**3 - 10*f**2 - 4*f + 4. Let z be g(-5). Let w = -43 - z. Is w a multiple of 26?
False
Let x(y) = -y**3 + 14*y**2 + 4. Let n be x(14). Suppose -n*l - 77 = -k - 8*l, 209 = 3*k + l. Does 18 divide k?
False
Let s(q) = -3 + 3*q - 2 + 6 + 0. Does 2 divide s(2)?
False
Let v = 191 - -72. Is v a multiple of 9?
False
Let y(w) = -w**3 + w - 1. Let k be y(-2). Suppose 0 = -3*v + 4*u + 11, k*v + 2*u - 15 = 12. Does 5 divide v?
True
Let r = -4 + 7. Suppose -r*a = 2*a + w - 98, -3*a + 5*w + 70 = 0. Is 13 a factor of a?
False
Suppose -3*u - 4 = -4*u. Let i = 3 - u. Let f(v) = 15*v**2 + 1. Does 16 divide f(i)?
True
Is ((-18)/(-12))/((-2)/(-108)) a multiple of 27?
True
Suppose -2*j + 3*b + 16 = 8*b, -2*j + 16 = 2*b. Suppose 0 = -5*m + 10, -3*i + m - 18 = i. Is 15 a factor of ((-62)/4)/(i/j)?
False
Suppose -3*p = -2*p - 34. Is p a multiple of 9?
False
Does 7 divide (39/6)/((-1)/(-8))?
False
Let z be (-3*(-10)/6)/(-1). Let